) - 0 - 12?
-6
What is (-17 + 59 - 17) + 0?
25
What is the value of -2 - -12 - (-22 - (2 - 33))?
1
Calculate (7 - 1 - (-3 - (-12 + 5))) + 6.
8
Calculate (30 + -23 - (-1 - -2)) + 1 + -24.
-17
What is (-32 - -30) + 6 + -3?
1
Calculate (3 + -4 - -11 - (12 - 7)) + -3.
2
Calculate (19 - (-1 - -1)) + (27 - (-13 - -42)).
17
Evaluate (16 - (22 - 10)) + (3 - 0).
7
What is the value of -4 + 25 - (8 - (8 + 4))?
25
14 + 18 + -22 + -2
8
What is (2 - (3 - -1)) + (-5 - -12 - 1)?
4
Calculate (11 - (11 - 3 - -9)) + 7 + 0.
1
Calculate -31 + 45 + -29 + 18.
3
What is -4 - (18 + -55) - 22 - (-1 + 12)?
0
2 + 3 + (-19 - (14 - 44))
16
What is the value of -13 - (0 - -3) - (-1 - 4)?
-11
Calculate -2 - (3 + -23 - 12).
30
What is -27 + (5 - ((1 - -5) + 0 - 4))?
-24
Calculate (-19 - -1) + (-5 - 6 - (11 + -18)).
-22
Evaluate 42 + -37 - ((8 - -1) + -4) - -16.
16
Evaluate (-13 - -21 - 28) + (10 - -1).
-9
What is the value of (-16 - 0) + -71 + 75?
-12
Evaluate (99 - 103) + 16 + -1.
11
Calculate 31 - 28 - (-4 + (1 - 2)).
8
Calculate 36 - 37 - ((-3 - 7) + 2) - 22.
-15
Evaluate -3 + -2 + -6 + (-2 - -7).
-6
What is (5 + (4 - 6) - 0) + (6 - 7)?
2
What is -19 - 20 - -37 - (15 - 0)?
-17
Evaluate 2 + -4 - (-22 + (16 + -13 - -9)).
8
What is -7 - (1 + -7 - (34 - (32 - 13)))?
14
What is the value of (-47 - -81) + -7 + -3 + 1?
25
What is (103 - 103) + 7 + 0 + 9 + -2?
14
-76 + 52 - (-1 - 6)
-17
What is the value of -7 + ((0 - 2) + 1 - (63 - 48))?
-23
Calculate -5 + (-3 + -7 - -12 - 20).
-23
Evaluate 21 - (4 + (27 - 19)).
9
Evaluate 17 + 22 + (-5 - 12) + 12.
34
Calculate 47 - (-8 + -26 + 56).
25
0 + 10 + -6 + 10 + -4 + 1
11
-13 + 20 - (-11 + 22)
-4
What is (35 - 29) + (-5 - -3 - -3) - 1?
6
What is -1 - 0 - (11 + (-5 - 8))?
1
111 + -123 + (24 - (3 + -1))
10
What is the value of (6 - 22) + (2 + (-6 - -8) - 2)?
-14
Evaluate -14 + -8 + 34 + -16.
-4
Evaluate 0 - (18 - 4) - (15 + -23).
-6
What is the value of 8 + (-18 + 0 + 17 - 1)?
6
Evaluate -4 - (-9 - -7) - -15.
13
What is 13 + -18 + -15 + 33?
13
What is the value of -10 + 2 - (-38 - -12 - -6)?
12
Calculate -38 + (-4 - -49 - -17).
24
Calculate -3 + 0 - (183 + -173).
-13
Evaluate 3 - (14 + -4 + 2).
-9
Evaluate -54 + 8 + 2 + 33.
-11
Evaluate -1084 + 1066 + (3 + -2 - -7).
-10
-6 + -3 + -14 + 23
0
Evaluate -12 - (3 + 9 - (12 - 3)).
-15
-9 + -7 + 4 + 5 + -3
-10
Evaluate 12 - (320 + -328 + (47 - 0)).
-27
Calculate 1 - 7 - (152 + -150) - -30.
22
What is the value of -1 - -4 - 0 - (-5 + -3) - 41?
-30
What is the value of 4 + 2 + (-7 - -6) + -10?
-5
Evaluate 1 - (17 - 6 - (12 + -5)).
-3
Calculate 27 + -19 + (-12 - -5) + (3 - -4).
8
Evaluate -203 + 213 + -3 + 0.
7
What is -15 + 5 + (7 - -3)?
0
What is the value of 14 + (-7 - -12) - 10?
9
-34 + 4 + 8 - -18
-4
What is -5 - (1 + (-1 - 4) + -6) - 2?
3
220 + -195 - (9 - -1)
15
3 + 0 + 9 + 3 + -11
4
What is 4 - -11 - (383 - 349)?
-19
What is (-9 - -21) + -11 + 4?
5
What is the value of -13 - (-9 - -10) - ((-1 - -2) + -2)?
-13
13 + 1 - 6 - (-5 + 2)
11
What is the value of (-3 - -3 - (-2 - -1)) + -7?
-6
(-4 - (-4 + 3)) + (-7 - -2)
-8
2 + -9 - (39 + -31)
-15
Evaluate (0 - -5) + 11 + (-16 - (7 + -10)).
3
What is -3 + 5 + -2 + (-48 - -36)?
-12
(-17 - -6) + 2 - (8 - 11 - 13)
7
What is -12 + (1 - 5) - (0 + -8 + 2)?
-10
What is the value of -9 + 68 + -24 + -15?
20
Evaluate -13 - -3 - (25 - 34).
-1
Calculate -2 + 0 + 5 - ((8 - -3) + 1).
-9
-181 - -172 - ((-3 - -1) + 0)
-7
Evaluate 23 + -22 + 20 + -5.
16
Calculate 20 + -28 + 25 + -8.
9
Evaluate 0 + 9 + -8 - ((-8 - 7) + 3).
13
1 - -4 - (-12 - (5 + (-35 - -16)))
3
Calculate (-16 + 19 - -20) + -6.
17
What is the value of (280 - 275) + (2 - 3 - (-1 + -2))?
7
What is (8 - 39) + 24 + -1?
-8
-1 - ((-14 - -40) + -14)
-13
Evaluate -6 - (-8 - (3 + 4 + -3)).
6
What is the value of 18 - (20 + -16 - -2 - 19)?
31
What is 9 + (-2 + -3 - (16 + (-40 - -18)))?
10
Evaluate (-8 - 0) + 19 + -15 + 3.
-1
Calculate -9 + 4 + 12 - -1.
8
(-18 - -10) + 12 - -2
6
Calculate 7 - (-1 + (5 - 0) + -3 - 0).
6
Evaluate -30 + (46 - 17) - (-9 + (-1 - -1)).
8
What is -69 + -14 + 24 - -41?
-18
Evaluate (18 + -1 - 6) + -4 + (9 - 1).
15
What is the value of 0 + (-1 + 10 - -1)?
10
What is the value of -1 + 8 - (-104 - -120)?
-9
(-10 - 0 - (-113 + 108)) + (4 - -1)
0
What is the value of -1 + 1 + 7 + -3 + (-154 - -156)?
6
Evaluate -68 + 73 + 1 + -6.
0
What is the value of 1 + -18 + -4 + (2 - -7) + -4?
-16
Evaluate 10 + (-4 - 5) + 1 + 16.
18
Evaluate -5 + 57 + 4 + (-15 - 8).
33
Evaluate 6 + -3 + -6 + (-8 - -7 - -7).
3
Calculate 7 - -2 - (-13 + 9 - -6).
7
What is -32 + (11 + -18 - (-2 - 16))?
-21
What is the value of -12 + -2 + (1 - (-7 - (-2 + 0)))?
-8
Evaluate 37 - (-35 + 103 - 35).
4
What is -15 + 1 + 10 + 23?
19
What is the value of (67 - 65) + (1 - (-1 - -1) - -21)?
24
9 + (-6 - -3) + 4 + (27 - 52)
-15
What is (0 - -5) + -52 + 46?
-1
Evaluate (-12 + 0 - -1) + (-733 - -730).
-14
Calculate -20 + (-4 - -30) + -12.
-6
7 - ((-9 - (-13 + 13)) + 16)
0
3 + -3 + 0 + -2 + 15 + -18
-5
What is the value of -9 + (-1 - -3) + -77 + 85?
1
What is (1 - -1) + (0 + 10 - -7) + 4?
23
Evaluate (-39 - 4) + (18 - -6).
-19
Calculate (4 - 18) + 29 + -5.
10
Calculate (-14 - -4) + (25 - (9 - 10)).
16
Evaluate 12 + 18 + -31 + 2 + 1 - -4.
6
Calculate -23 + (-3 - (-76 + 32)).
18
Calculate -2 - (-6 - 5 - 0).
9
What is the value of -2 + -7 + (6 - 0)?
-3
What is (-2 - (1 - 9)) + -71 + -29 + 105?
11
13 - 3 - ((3 - 14) + (3 - 8))
26
What is the value of -1 + -2 + -15 - (14 + -13 + -3)?
-16
What is the value of -94 + 89 + 5 + 0 + 11?
11
-7 + (6 - (-43 + 21))
21
What is -35 - (27 + -48) - (-45 - -5)?
26
What is the value of -47 - -50 - (3 - 7)?
7
Calculate -22 + (-13 - -5 - (1 - (2 - -14))).
-15
Evaluate -12 - (9 + -1 + (-8 - -3) + 8).
-23
Calculate (77 - 142 - -59) + 26 + 0.
20
What is the value of 30 + -16 + -10 + 10?
14
What is -2 - (-8 - -15 - 3)?
-6
What is the value of -8 + (5 - 2) - (-10 - -19 - 28)?
14
Calculate -41 - (17 + -23 - 0).
-35
Evaluate 9 - ((12 + -9 - (-7 - -7)) + -1).
7
Evaluate (-12 - -4) + 1 + 6.
-1
0 - ((1 - -5) + -36 + 13 + 9)
8
Evaluate -16 - (6 + (-2 + -29 - 15)).
24
What is -20 + 23 + -5 + -22?
-24
Evaluate 0 - (0 + -3) - (-65 - (-90 - -56)).
34
What is 0 - 19 - (7 - (3 - 1 - -12))?
-12
Evaluate -13 + (7 - (4 - 1 - (-14 + 13))).
-10
17 - (13 + -2 + -2 + 1 + -5)
12
What is -2 + (9 - 8 - 5)?
-6
Calculate (9 - 14 - (-13 + 4)) + -3.
1
What is (-44 - (-4 + -8)) + 43?
11
(31 - 12 - 10) + (2 - 9) + 5
7
What is the value of (12 - 10) + 32 + -12 + -5?
17
What is the value of -2 + 2 + (9 - 18) + 1?
-8
What is the value of -6 + (15 - -4) + -1?
12
What is 12 - (-6 + 0 + -200 + 223)?
-5
-23 + 32 - (2 + -1)
8
What is the value of -1 + (-3 - (12 - 35))?
19
Evaluate -75 - -76 - (-9 + 2).
8
What is 21 - ((-23 - -42) + -15)?
17
(8 - 10) + 14 - 5 - 22
-15
-2 + -4 + (-7 - -2 - 2) + -9
-22
What is -5 + 29 - (0 + 12)?
12
(10 + (-7 - -6) - (3 + 28)) + -8
-30
What is the value of -42 + 9 + 37 - 26?
-22
Evaluate 0 + -8 + -26 + 22.
-12
What is (-6 - -3) + 4 - (-29 - -17)?
13
What is (4 - 35) + (21 - 31) + 22?
-19
Calculate -5 + (-7 + -5 + 6 - (-8 - -7)).
-10
What is the value of (24 + -11 - 13) + -17?
-17
26 + (3 + 1 - (-26 - -31)) + 7
32
Evaluate 3 + -4 + (-2 + 2 - -8) + 2.
9
(-6 - 0 - -2) + 2 + -3 + -5
-10
What is -1 - (-1 - -8 - (18 - 39 - -15))?
-14
What is the value of -13 - -20 - -8 - -12?
27
Evaluate (-6 + 11 + 7 - 7) + -4.
1
What is the value of (17 - -22) + -38 + -3 + 1 - 0?
-1
Calculate (-5 - 12) + 19 - 16.
-14
Calculate (-1 - (-1 + 11)) + (-34 - -27).
-18
What is the value of -1 + 7 - (-68 + 50)?
24
What is 3 + 5 - (21 - (4 - (1 + 2)))?
-12
What is 1 + -1 + -53 + (10 - -59)?
16
Calculate (25 - 2) + 0 + 19 + -30 + 11.
23
3 + -2 + (7 - (8 - -1)) + 14
13
Calculate -11 - (10 + -4 - 2 - 12).
-3
What is -14 + 29 + -13 - (-1 + 14)?
-11
-6 - (8 - (22 - 32))
-24
-10 - (5 + -2) - -18
5
Evaluate (4 - (2 - -8)) + -16 + 19.
-3
What is the value of 17 + -4 + (3 - 2 - (-11 + 15))?
10
-43 - -23 - (9 + -26)
-3
Evaluate -2 + 4 - (-14 + -4 + 10).
10
Evaluate -8 - ((-4 - (2 - 1)) + (18 - 9)).
-12
What is -13 + 0 + (7 - (7 + 0 + -1))?
-12
What is the value of -13 - (18 - 15) - -18?
2
Calculate -44 - (24 - (51 - 10)).
-27
What is 35 - (-2 + 21 + -6)?
22
-14 + 10 + -10 + -3 + 6
-11
Calculate 14 + -7 + 16 + -23.
0
What is -3 + -3 + 16 + (-5 - -6) - 2?
